{"id":561,"date":"2024-11-13T15:32:39","date_gmt":"2024-11-13T14:32:39","guid":{"rendered":"https:\/\/atryumhotel.hu\/?page_id=561"},"modified":"2026-02-20T12:22:45","modified_gmt":"2026-02-20T11:22:45","slug":"kornyezet-galeria","status":"publish","type":"page","link":"https:\/\/atryumhotel.hu\/index.php\/kornyezet-galeria\/","title":{"rendered":"K\u00f6rnyezet"},"content":{"rendered":"\t\t<div data-elementor-type=\"wp-page\" data-elementor-id=\"561\" class=\"elementor elementor-561\" data-elementor-post-type=\"page\">\n\t\t\t\t\t\t<section class=\"elementor-section elementor-top-section elementor-element elementor-element-c759309 elementor-section-boxed elementor-section-height-default elementor-section-height-default\" data-id=\"c759309\" data-element_type=\"section\" data-e-type=\"section\">\n\t\t\t\t\t\t<div class=\"elementor-container elementor-column-gap-default\">\n\t\t\t\t\t<div class=\"elementor-column elementor-col-100 elementor-top-column elementor-element elementor-element-650ec35\" data-id=\"650ec35\" data-element_type=\"column\" data-e-type=\"column\">\n\t\t\t<div class=\"elementor-widget-wrap elementor-element-populated\">\n\t\t\t\t\t\t<div class=\"elementor-element elementor-element-8f86cd6 elementor-widget elementor-widget-image-gallery\" data-id=\"8f86cd6\" data-element_type=\"widget\" data-e-type=\"widget\" data-widget_type=\"image-gallery.default\">\n\t\t\t\t<div class=\"elementor-widget-container\">\n\t\t\t\t\t\t\t<div class=\"elementor-image-gallery\">\n\t\t\t<div id='gallery-33' class='gallery galleryid-561 gallery-columns-4 gallery-size-thumbnail'><figure class='gallery-item'>\n\t\t\t<div class='gallery-icon portrait'>\n\t\t\t\t<a data-elementor-open-lightbox=\"yes\" data-elementor-lightbox-slideshow=\"8f86cd6\" data-elementor-lightbox-title=\"atryum01\" data-e-action-hash=\"#elementor-action%3Aaction%3Dlightbox%26settings%3DeyJpZCI6MTA3MywidXJsIjoiaHR0cHM6XC9cL2F0cnl1bWhvdGVsLmh1XC93cC1jb250ZW50XC91cGxvYWRzXC8yMDI1XC8wNFwvYXRyeXVtMDEuanBnIiwic2xpZGVzaG93IjoiOGY4NmNkNiJ9\" href='https:\/\/atryumhotel.hu\/wp-content\/uploads\/2025\/04\/atryum01.jpg'><img decoding=\"async\" width=\"150\" height=\"150\" src=\"https:\/\/atryumhotel.hu\/wp-content\/uploads\/2025\/04\/atryum01-150x150.jpg\" class=\"attachment-thumbnail size-thumbnail\" alt=\"\" aria-describedby=\"gallery-33-1073\" \/><\/a>\n\t\t\t<\/div>\n\t\t\t\t<figcaption class='wp-caption-text gallery-caption' id='gallery-33-1073'>\n\t\t\t\tF\u0151bej\u00e1rat\n\t\t\t\t<\/figcaption><\/figure><figure class='gallery-item'>\n\t\t\t<div class='gallery-icon landscape'>\n\t\t\t\t<a data-elementor-open-lightbox=\"yes\" data-elementor-lightbox-slideshow=\"8f86cd6\" data-elementor-lightbox-title=\"20250505_165827\" data-e-action-hash=\"#elementor-action%3Aaction%3Dlightbox%26settings%3DeyJpZCI6MjgzMSwidXJsIjoiaHR0cHM6XC9cL2F0cnl1bWhvdGVsLmh1XC93cC1jb250ZW50XC91cGxvYWRzXC8yMDI2XC8wMlwvMjAyNTA1MDVfMTY1ODI3LTEtc2NhbGVkLmpwZyIsInNsaWRlc2hvdyI6IjhmODZjZDYifQ%3D%3D\" href='https:\/\/atryumhotel.hu\/wp-content\/uploads\/2026\/02\/20250505_165827-1-scaled.jpg'><img decoding=\"async\" width=\"150\" height=\"150\" src=\"https:\/\/atryumhotel.hu\/wp-content\/uploads\/2026\/02\/20250505_165827-1-150x150.jpg\" class=\"attachment-thumbnail size-thumbnail\" alt=\"\" aria-describedby=\"gallery-33-2831\" \/><\/a>\n\t\t\t<\/div>\n\t\t\t\t<figcaption class='wp-caption-text gallery-caption' id='gallery-33-2831'>\n\t\t\t\t&#8222;A&#8221; \u00e9p\u00fcletsz\u00e1rny\n\t\t\t\t<\/figcaption><\/figure><figure class='gallery-item'>\n\t\t\t<div class='gallery-icon landscape'>\n\t\t\t\t<a data-elementor-open-lightbox=\"yes\" data-elementor-lightbox-slideshow=\"8f86cd6\" data-elementor-lightbox-title=\"14.\" data-e-action-hash=\"#elementor-action%3Aaction%3Dlightbox%26settings%3DeyJpZCI6MjgyNywidXJsIjoiaHR0cHM6XC9cL2F0cnl1bWhvdGVsLmh1XC93cC1jb250ZW50XC91cGxvYWRzXC8yMDI2XC8wMlwvMTQtc2NhbGVkLmpwZyIsInNsaWRlc2hvdyI6IjhmODZjZDYifQ%3D%3D\" href='https:\/\/atryumhotel.hu\/wp-content\/uploads\/2026\/02\/14-scaled.jpg'><img decoding=\"async\" width=\"150\" height=\"150\" src=\"https:\/\/atryumhotel.hu\/wp-content\/uploads\/2026\/02\/14-150x150.jpg\" class=\"attachment-thumbnail size-thumbnail\" alt=\"\" aria-describedby=\"gallery-33-2827\" \/><\/a>\n\t\t\t<\/div>\n\t\t\t\t<figcaption class='wp-caption-text gallery-caption' id='gallery-33-2827'>\n\t\t\t\t&#8222;B&#8221; \u00e9p\u00fcletsz\u00e1rny\n\t\t\t\t<\/figcaption><\/figure><figure class='gallery-item'>\n\t\t\t<div class='gallery-icon portrait'>\n\t\t\t\t<a data-elementor-open-lightbox=\"yes\" data-elementor-lightbox-slideshow=\"8f86cd6\" data-elementor-lightbox-title=\"15.\" data-e-action-hash=\"#elementor-action%3Aaction%3Dlightbox%26settings%3DeyJpZCI6MjgyOCwidXJsIjoiaHR0cHM6XC9cL2F0cnl1bWhvdGVsLmh1XC93cC1jb250ZW50XC91cGxvYWRzXC8yMDI2XC8wMlwvMTUtc2NhbGVkLmpwZyIsInNsaWRlc2hvdyI6IjhmODZjZDYifQ%3D%3D\" href='https:\/\/atryumhotel.hu\/wp-content\/uploads\/2026\/02\/15-scaled.jpg'><img loading=\"lazy\" decoding=\"async\" width=\"150\" height=\"150\" src=\"https:\/\/atryumhotel.hu\/wp-content\/uploads\/2026\/02\/15-150x150.jpg\" class=\"attachment-thumbnail size-thumbnail\" alt=\"\" aria-describedby=\"gallery-33-2828\" \/><\/a>\n\t\t\t<\/div>\n\t\t\t\t<figcaption class='wp-caption-text gallery-caption' id='gallery-33-2828'>\n\t\t\t\t&#8222;C&#8221; \u00c9p\u00fcletsz\u00e1rny\n\t\t\t\t<\/figcaption><\/figure><figure class='gallery-item'>\n\t\t\t<div class='gallery-icon portrait'>\n\t\t\t\t<a data-elementor-open-lightbox=\"yes\" data-elementor-lightbox-slideshow=\"8f86cd6\" data-elementor-lightbox-title=\"462563079_576628621574384_282266250040679079_n\" data-e-action-hash=\"#elementor-action%3Aaction%3Dlightbox%26settings%3DeyJpZCI6NTYzLCJ1cmwiOiJodHRwczpcL1wvYXRyeXVtaG90ZWwuaHVcL3dwLWNvbnRlbnRcL3VwbG9hZHNcLzIwMjRcLzExXC80NjI1NjMwNzlfNTc2NjI4NjIxNTc0Mzg0XzI4MjI2NjI1MDA0MDY3OTA3OV9uLmpwZyIsInNsaWRlc2hvdyI6IjhmODZjZDYifQ%3D%3D\" href='https:\/\/atryumhotel.hu\/wp-content\/uploads\/2024\/11\/462563079_576628621574384_282266250040679079_n.jpg'><img loading=\"lazy\" decoding=\"async\" width=\"150\" height=\"150\" src=\"https:\/\/atryumhotel.hu\/wp-content\/uploads\/2024\/11\/462563079_576628621574384_282266250040679079_n-150x150.jpg\" class=\"attachment-thumbnail size-thumbnail\" alt=\"\" \/><\/a>\n\t\t\t<\/div><\/figure><figure class='gallery-item'>\n\t\t\t<div class='gallery-icon landscape'>\n\t\t\t\t<a data-elementor-open-lightbox=\"yes\" data-elementor-lightbox-slideshow=\"8f86cd6\" data-elementor-lightbox-title=\"11.\" data-e-action-hash=\"#elementor-action%3Aaction%3Dlightbox%26settings%3DeyJpZCI6MjgyNSwidXJsIjoiaHR0cHM6XC9cL2F0cnl1bWhvdGVsLmh1XC93cC1jb250ZW50XC91cGxvYWRzXC8yMDI2XC8wMlwvMTEtc2NhbGVkLmpwZyIsInNsaWRlc2hvdyI6IjhmODZjZDYifQ%3D%3D\" href='https:\/\/atryumhotel.hu\/wp-content\/uploads\/2026\/02\/11-scaled.jpg'><img loading=\"lazy\" decoding=\"async\" width=\"150\" height=\"150\" src=\"https:\/\/atryumhotel.hu\/wp-content\/uploads\/2026\/02\/11-150x150.jpg\" class=\"attachment-thumbnail size-thumbnail\" alt=\"\" \/><\/a>\n\t\t\t<\/div><\/figure><figure class='gallery-item'>\n\t\t\t<div class='gallery-icon landscape'>\n\t\t\t\t<a data-elementor-open-lightbox=\"yes\" data-elementor-lightbox-slideshow=\"8f86cd6\" data-elementor-lightbox-title=\"12.\" data-e-action-hash=\"#elementor-action%3Aaction%3Dlightbox%26settings%3DeyJpZCI6MjgyNiwidXJsIjoiaHR0cHM6XC9cL2F0cnl1bWhvdGVsLmh1XC93cC1jb250ZW50XC91cGxvYWRzXC8yMDI2XC8wMlwvMTItc2NhbGVkLmpwZyIsInNsaWRlc2hvdyI6IjhmODZjZDYifQ%3D%3D\" href='https:\/\/atryumhotel.hu\/wp-content\/uploads\/2026\/02\/12-scaled.jpg'><img loading=\"lazy\" decoding=\"async\" width=\"150\" height=\"150\" src=\"https:\/\/atryumhotel.hu\/wp-content\/uploads\/2026\/02\/12-150x150.jpg\" class=\"attachment-thumbnail size-thumbnail\" alt=\"\" \/><\/a>\n\t\t\t<\/div><\/figure><figure class='gallery-item'>\n\t\t\t<div class='gallery-icon landscape'>\n\t\t\t\t<a data-elementor-open-lightbox=\"yes\" data-elementor-lightbox-slideshow=\"8f86cd6\" data-elementor-lightbox-title=\"img-5121-1919x1328\" data-e-action-hash=\"#elementor-action%3Aaction%3Dlightbox%26settings%3DeyJpZCI6MjM1LCJ1cmwiOiJodHRwczpcL1wvYXRyeXVtaG90ZWwuaHVcL3dwLWNvbnRlbnRcL3VwbG9hZHNcLzIwMjNcLzA3XC9pbWctNTEyMS0xOTE5eDEzMjgtMi5qcGciLCJzbGlkZXNob3ciOiI4Zjg2Y2Q2In0%3D\" href='https:\/\/atryumhotel.hu\/wp-content\/uploads\/2023\/07\/img-5121-1919x1328-2.jpg'><img loading=\"lazy\" decoding=\"async\" width=\"150\" height=\"150\" src=\"https:\/\/atryumhotel.hu\/wp-content\/uploads\/2023\/07\/img-5121-1919x1328-2-150x150.jpg\" class=\"attachment-thumbnail size-thumbnail\" alt=\"\" \/><\/a>\n\t\t\t<\/div><\/figure><figure class='gallery-item'>\n\t\t\t<div class='gallery-icon portrait'>\n\t\t\t\t<a data-elementor-open-lightbox=\"yes\" data-elementor-lightbox-slideshow=\"8f86cd6\" data-elementor-lightbox-title=\"462638926_449421908175636_3260580125532135134_n\" data-e-action-hash=\"#elementor-action%3Aaction%3Dlightbox%26settings%3DeyJpZCI6NTY1LCJ1cmwiOiJodHRwczpcL1wvYXRyeXVtaG90ZWwuaHVcL3dwLWNvbnRlbnRcL3VwbG9hZHNcLzIwMjRcLzExXC80NjI2Mzg5MjZfNDQ5NDIxOTA4MTc1NjM2XzMyNjA1ODAxMjU1MzIxMzUxMzRfbi5qcGciLCJzbGlkZXNob3ciOiI4Zjg2Y2Q2In0%3D\" href='https:\/\/atryumhotel.hu\/wp-content\/uploads\/2024\/11\/462638926_449421908175636_3260580125532135134_n.jpg'><img loading=\"lazy\" decoding=\"async\" width=\"150\" height=\"150\" src=\"https:\/\/atryumhotel.hu\/wp-content\/uploads\/2024\/11\/462638926_449421908175636_3260580125532135134_n-150x150.jpg\" class=\"attachment-thumbnail size-thumbnail\" alt=\"\" \/><\/a>\n\t\t\t<\/div><\/figure><figure class='gallery-item'>\n\t\t\t<div class='gallery-icon portrait'>\n\t\t\t\t<a data-elementor-open-lightbox=\"yes\" data-elementor-lightbox-slideshow=\"8f86cd6\" data-elementor-lightbox-title=\"atryum04\" data-e-action-hash=\"#elementor-action%3Aaction%3Dlightbox%26settings%3DeyJpZCI6MTA3NiwidXJsIjoiaHR0cHM6XC9cL2F0cnl1bWhvdGVsLmh1XC93cC1jb250ZW50XC91cGxvYWRzXC8yMDI1XC8wNFwvYXRyeXVtMDQuanBnIiwic2xpZGVzaG93IjoiOGY4NmNkNiJ9\" href='https:\/\/atryumhotel.hu\/wp-content\/uploads\/2025\/04\/atryum04.jpg'><img loading=\"lazy\" decoding=\"async\" width=\"150\" height=\"150\" src=\"https:\/\/atryumhotel.hu\/wp-content\/uploads\/2025\/04\/atryum04-150x150.jpg\" class=\"attachment-thumbnail size-thumbnail\" alt=\"\" \/><\/a>\n\t\t\t<\/div><\/figure><figure class='gallery-item'>\n\t\t\t<div class='gallery-icon landscape'>\n\t\t\t\t<a data-elementor-open-lightbox=\"yes\" data-elementor-lightbox-slideshow=\"8f86cd6\" data-elementor-lightbox-title=\"5.\" data-e-action-hash=\"#elementor-action%3Aaction%3Dlightbox%26settings%3DeyJpZCI6MjgyMiwidXJsIjoiaHR0cHM6XC9cL2F0cnl1bWhvdGVsLmh1XC93cC1jb250ZW50XC91cGxvYWRzXC8yMDI2XC8wMlwvNS1zY2FsZWQuanBnIiwic2xpZGVzaG93IjoiOGY4NmNkNiJ9\" href='https:\/\/atryumhotel.hu\/wp-content\/uploads\/2026\/02\/5-scaled.jpg'><img loading=\"lazy\" decoding=\"async\" width=\"150\" height=\"150\" src=\"https:\/\/atryumhotel.hu\/wp-content\/uploads\/2026\/02\/5-150x150.jpg\" class=\"attachment-thumbnail size-thumbnail\" alt=\"\" \/><\/a>\n\t\t\t<\/div><\/figure><figure class='gallery-item'>\n\t\t\t<div class='gallery-icon portrait'>\n\t\t\t\t<a data-elementor-open-lightbox=\"yes\" data-elementor-lightbox-slideshow=\"8f86cd6\" data-elementor-lightbox-title=\"atryum05\" data-e-action-hash=\"#elementor-action%3Aaction%3Dlightbox%26settings%3DeyJpZCI6MTA3NywidXJsIjoiaHR0cHM6XC9cL2F0cnl1bWhvdGVsLmh1XC93cC1jb250ZW50XC91cGxvYWRzXC8yMDI1XC8wNFwvYXRyeXVtMDUuanBnIiwic2xpZGVzaG93IjoiOGY4NmNkNiJ9\" href='https:\/\/atryumhotel.hu\/wp-content\/uploads\/2025\/04\/atryum05.jpg'><img loading=\"lazy\" decoding=\"async\" width=\"150\" height=\"150\" src=\"https:\/\/atryumhotel.hu\/wp-content\/uploads\/2025\/04\/atryum05-150x150.jpg\" class=\"attachment-thumbnail size-thumbnail\" alt=\"\" \/><\/a>\n\t\t\t<\/div><\/figure><figure class='gallery-item'>\n\t\t\t<div class='gallery-icon portrait'>\n\t\t\t\t<a data-elementor-open-lightbox=\"yes\" data-elementor-lightbox-slideshow=\"8f86cd6\" data-elementor-lightbox-title=\"atryum06\" data-e-action-hash=\"#elementor-action%3Aaction%3Dlightbox%26settings%3DeyJpZCI6MTA3OCwidXJsIjoiaHR0cHM6XC9cL2F0cnl1bWhvdGVsLmh1XC93cC1jb250ZW50XC91cGxvYWRzXC8yMDI1XC8wNFwvYXRyeXVtMDYuanBnIiwic2xpZGVzaG93IjoiOGY4NmNkNiJ9\" href='https:\/\/atryumhotel.hu\/wp-content\/uploads\/2025\/04\/atryum06.jpg'><img loading=\"lazy\" decoding=\"async\" width=\"150\" height=\"150\" src=\"https:\/\/atryumhotel.hu\/wp-content\/uploads\/2025\/04\/atryum06-150x150.jpg\" class=\"attachment-thumbnail size-thumbnail\" alt=\"\" \/><\/a>\n\t\t\t<\/div><\/figure><figure class='gallery-item'>\n\t\t\t<div class='gallery-icon portrait'>\n\t\t\t\t<a data-elementor-open-lightbox=\"yes\" data-elementor-lightbox-slideshow=\"8f86cd6\" data-elementor-lightbox-title=\"atryum07\" data-e-action-hash=\"#elementor-action%3Aaction%3Dlightbox%26settings%3DeyJpZCI6MTA3OSwidXJsIjoiaHR0cHM6XC9cL2F0cnl1bWhvdGVsLmh1XC93cC1jb250ZW50XC91cGxvYWRzXC8yMDI1XC8wNFwvYXRyeXVtMDcuanBnIiwic2xpZGVzaG93IjoiOGY4NmNkNiJ9\" href='https:\/\/atryumhotel.hu\/wp-content\/uploads\/2025\/04\/atryum07.jpg'><img loading=\"lazy\" decoding=\"async\" width=\"150\" height=\"150\" src=\"https:\/\/atryumhotel.hu\/wp-content\/uploads\/2025\/04\/atryum07-150x150.jpg\" class=\"attachment-thumbnail size-thumbnail\" alt=\"\" \/><\/a>\n\t\t\t<\/div><\/figure><figure class='gallery-item'>\n\t\t\t<div class='gallery-icon portrait'>\n\t\t\t\t<a data-elementor-open-lightbox=\"yes\" data-elementor-lightbox-slideshow=\"8f86cd6\" data-elementor-lightbox-title=\"462642991_1600826373802449_6887054093454684714_n\" data-e-action-hash=\"#elementor-action%3Aaction%3Dlightbox%26settings%3DeyJpZCI6NTY2LCJ1cmwiOiJodHRwczpcL1wvYXRyeXVtaG90ZWwuaHVcL3dwLWNvbnRlbnRcL3VwbG9hZHNcLzIwMjRcLzExXC80NjI2NDI5OTFfMTYwMDgyNjM3MzgwMjQ0OV82ODg3MDU0MDkzNDU0Njg0NzE0X24uanBnIiwic2xpZGVzaG93IjoiOGY4NmNkNiJ9\" href='https:\/\/atryumhotel.hu\/wp-content\/uploads\/2024\/11\/462642991_1600826373802449_6887054093454684714_n.jpg'><img loading=\"lazy\" decoding=\"async\" width=\"150\" height=\"150\" src=\"https:\/\/atryumhotel.hu\/wp-content\/uploads\/2024\/11\/462642991_1600826373802449_6887054093454684714_n-150x150.jpg\" class=\"attachment-thumbnail size-thumbnail\" alt=\"\" \/><\/a>\n\t\t\t<\/div><\/figure><figure class='gallery-item'>\n\t\t\t<div class='gallery-icon landscape'>\n\t\t\t\t<a data-elementor-open-lightbox=\"yes\" data-elementor-lightbox-slideshow=\"8f86cd6\" data-elementor-lightbox-title=\"4.\" data-e-action-hash=\"#elementor-action%3Aaction%3Dlightbox%26settings%3DeyJpZCI6MjgyMSwidXJsIjoiaHR0cHM6XC9cL2F0cnl1bWhvdGVsLmh1XC93cC1jb250ZW50XC91cGxvYWRzXC8yMDI2XC8wMlwvNC1zY2FsZWQuanBnIiwic2xpZGVzaG93IjoiOGY4NmNkNiJ9\" href='https:\/\/atryumhotel.hu\/wp-content\/uploads\/2026\/02\/4-scaled.jpg'><img loading=\"lazy\" decoding=\"async\" width=\"150\" height=\"150\" src=\"https:\/\/atryumhotel.hu\/wp-content\/uploads\/2026\/02\/4-150x150.jpg\" class=\"attachment-thumbnail size-thumbnail\" alt=\"\" \/><\/a>\n\t\t\t<\/div><\/figure><figure class='gallery-item'>\n\t\t\t<div class='gallery-icon landscape'>\n\t\t\t\t<a data-elementor-open-lightbox=\"yes\" data-elementor-lightbox-slideshow=\"8f86cd6\" data-elementor-lightbox-title=\"7.\" data-e-action-hash=\"#elementor-action%3Aaction%3Dlightbox%26settings%3DeyJpZCI6MjgyMywidXJsIjoiaHR0cHM6XC9cL2F0cnl1bWhvdGVsLmh1XC93cC1jb250ZW50XC91cGxvYWRzXC8yMDI2XC8wMlwvNy0xLXNjYWxlZC5qcGciLCJzbGlkZXNob3ciOiI4Zjg2Y2Q2In0%3D\" href='https:\/\/atryumhotel.hu\/wp-content\/uploads\/2026\/02\/7-1-scaled.jpg'><img loading=\"lazy\" decoding=\"async\" width=\"150\" height=\"150\" src=\"https:\/\/atryumhotel.hu\/wp-content\/uploads\/2026\/02\/7-1-150x150.jpg\" class=\"attachment-thumbnail size-thumbnail\" alt=\"\" \/><\/a>\n\t\t\t<\/div><\/figure><figure class='gallery-item'>\n\t\t\t<div class='gallery-icon portrait'>\n\t\t\t\t<a data-elementor-open-lightbox=\"yes\" data-elementor-lightbox-slideshow=\"8f86cd6\" data-elementor-lightbox-title=\"20250522_134546\" data-e-action-hash=\"#elementor-action%3Aaction%3Dlightbox%26settings%3DeyJpZCI6MjUwOSwidXJsIjoiaHR0cHM6XC9cL2F0cnl1bWhvdGVsLmh1XC93cC1jb250ZW50XC91cGxvYWRzXC8yMDI1XC8wNVwvMjAyNTA1MjJfMTM0NTQ2LXNjYWxlZC5qcGciLCJzbGlkZXNob3ciOiI4Zjg2Y2Q2In0%3D\" href='https:\/\/atryumhotel.hu\/wp-content\/uploads\/2025\/05\/20250522_134546-scaled.jpg'><img loading=\"lazy\" decoding=\"async\" width=\"150\" height=\"150\" src=\"https:\/\/atryumhotel.hu\/wp-content\/uploads\/2025\/05\/20250522_134546-150x150.jpg\" class=\"attachment-thumbnail size-thumbnail\" alt=\"\" \/><\/a>\n\t\t\t<\/div><\/figure><figure class='gallery-item'>\n\t\t\t<div class='gallery-icon landscape'>\n\t\t\t\t<a data-elementor-open-lightbox=\"yes\" data-elementor-lightbox-slideshow=\"8f86cd6\" data-elementor-lightbox-title=\"20250630_073219\" data-e-action-hash=\"#elementor-action%3Aaction%3Dlightbox%26settings%3DeyJpZCI6MjgzMiwidXJsIjoiaHR0cHM6XC9cL2F0cnl1bWhvdGVsLmh1XC93cC1jb250ZW50XC91cGxvYWRzXC8yMDI2XC8wMlwvMjAyNTA2MzBfMDczMjE5LTEtc2NhbGVkLmpwZyIsInNsaWRlc2hvdyI6IjhmODZjZDYifQ%3D%3D\" href='https:\/\/atryumhotel.hu\/wp-content\/uploads\/2026\/02\/20250630_073219-1-scaled.jpg'><img loading=\"lazy\" decoding=\"async\" width=\"150\" height=\"150\" src=\"https:\/\/atryumhotel.hu\/wp-content\/uploads\/2026\/02\/20250630_073219-1-150x150.jpg\" class=\"attachment-thumbnail size-thumbnail\" alt=\"\" \/><\/a>\n\t\t\t<\/div><\/figure><figure class='gallery-item'>\n\t\t\t<div class='gallery-icon portrait'>\n\t\t\t\t<a data-elementor-open-lightbox=\"yes\" data-elementor-lightbox-slideshow=\"8f86cd6\" data-elementor-lightbox-title=\"20250522_135020\" data-e-action-hash=\"#elementor-action%3Aaction%3Dlightbox%26settings%3DeyJpZCI6MjQ4NywidXJsIjoiaHR0cHM6XC9cL2F0cnl1bWhvdGVsLmh1XC93cC1jb250ZW50XC91cGxvYWRzXC8yMDI1XC8wNVwvMjAyNTA1MjJfMTM1MDIwLXNjYWxlZC5qcGciLCJzbGlkZXNob3ciOiI4Zjg2Y2Q2In0%3D\" href='https:\/\/atryumhotel.hu\/wp-content\/uploads\/2025\/05\/20250522_135020-scaled.jpg'><img loading=\"lazy\" decoding=\"async\" width=\"150\" height=\"150\" src=\"https:\/\/atryumhotel.hu\/wp-content\/uploads\/2025\/05\/20250522_135020-150x150.jpg\" class=\"attachment-thumbnail size-thumbnail\" alt=\"\" \/><\/a>\n\t\t\t<\/div><\/figure><figure class='gallery-item'>\n\t\t\t<div class='gallery-icon landscape'>\n\t\t\t\t<a data-elementor-open-lightbox=\"yes\" data-elementor-lightbox-slideshow=\"8f86cd6\" data-elementor-lightbox-title=\"Gyuri kedvence\" data-e-action-hash=\"#elementor-action%3Aaction%3Dlightbox%26settings%3DeyJpZCI6MjgyOSwidXJsIjoiaHR0cHM6XC9cL2F0cnl1bWhvdGVsLmh1XC93cC1jb250ZW50XC91cGxvYWRzXC8yMDI2XC8wMlwvR3l1cmkta2VkdmVuY2Utc2NhbGVkLmpwZyIsInNsaWRlc2hvdyI6IjhmODZjZDYifQ%3D%3D\" href='https:\/\/atryumhotel.hu\/wp-content\/uploads\/2026\/02\/Gyuri-kedvence-scaled.jpg'><img loading=\"lazy\" decoding=\"async\" width=\"150\" height=\"150\" src=\"https:\/\/atryumhotel.hu\/wp-content\/uploads\/2026\/02\/Gyuri-kedvence-150x150.jpg\" class=\"attachment-thumbnail size-thumbnail\" alt=\"\" \/><\/a>\n\t\t\t<\/div><\/figure><figure class='gallery-item'>\n\t\t\t<div class='gallery-icon landscape'>\n\t\t\t\t<a data-elementor-open-lightbox=\"yes\" data-elementor-lightbox-slideshow=\"8f86cd6\" data-elementor-lightbox-title=\"20260121_090337\" data-e-action-hash=\"#elementor-action%3Aaction%3Dlightbox%26settings%3DeyJpZCI6MjgzMywidXJsIjoiaHR0cHM6XC9cL2F0cnl1bWhvdGVsLmh1XC93cC1jb250ZW50XC91cGxvYWRzXC8yMDI2XC8wMlwvMjAyNjAxMjFfMDkwMzM3LTEtc2NhbGVkLmpwZyIsInNsaWRlc2hvdyI6IjhmODZjZDYifQ%3D%3D\" href='https:\/\/atryumhotel.hu\/wp-content\/uploads\/2026\/02\/20260121_090337-1-scaled.jpg'><img loading=\"lazy\" decoding=\"async\" width=\"150\" height=\"150\" src=\"https:\/\/atryumhotel.hu\/wp-content\/uploads\/2026\/02\/20260121_090337-1-150x150.jpg\" class=\"attachment-thumbnail size-thumbnail\" alt=\"\" \/><\/a>\n\t\t\t<\/div><\/figure><figure class='gallery-item'>\n\t\t\t<div class='gallery-icon landscape'>\n\t\t\t\t<a data-elementor-open-lightbox=\"yes\" data-elementor-lightbox-slideshow=\"8f86cd6\" data-elementor-lightbox-title=\"megv\u00e1gva j\u00f6het\" data-e-action-hash=\"#elementor-action%3Aaction%3Dlightbox%26settings%3DeyJpZCI6MjgzMCwidXJsIjoiaHR0cHM6XC9cL2F0cnl1bWhvdGVsLmh1XC93cC1jb250ZW50XC91cGxvYWRzXC8yMDI2XC8wMlwvbWVndmFndmEtam9oZXQtc2NhbGVkLmpwZyIsInNsaWRlc2hvdyI6IjhmODZjZDYifQ%3D%3D\" href='https:\/\/atryumhotel.hu\/wp-content\/uploads\/2026\/02\/megvagva-johet-scaled.jpg'><img loading=\"lazy\" decoding=\"async\" width=\"150\" height=\"150\" src=\"https:\/\/atryumhotel.hu\/wp-content\/uploads\/2026\/02\/megvagva-johet-150x150.jpg\" class=\"attachment-thumbnail size-thumbnail\" alt=\"\" \/><\/a>\n\t\t\t<\/div><\/figure>\n\t\t<\/div>\n\t\t<\/div>\n\t\t\t\t\t\t<\/div>\n\t\t\t\t<\/div>\n\t\t\t\t\t<\/div>\n\t\t<\/div>\n\t\t\t\t\t<\/div>\n\t\t<\/section>\n\t\t\t\t<section class=\"elementor-section elementor-top-section elementor-element elementor-element-6b41c5e elementor-section-boxed elementor-section-height-default elementor-section-height-default\" data-id=\"6b41c5e\" data-element_type=\"section\" data-e-type=\"section\">\n\t\t\t\t\t\t<div class=\"elementor-container elementor-column-gap-default\">\n\t\t\t\t\t\t<\/div>\n\t\t<\/section>\n\t\t\t\t<section class=\"elementor-section elementor-top-section elementor-element elementor-element-9e4b782 elementor-section-boxed elementor-section-height-default elementor-section-height-default\" data-id=\"9e4b782\" data-element_type=\"section\" data-e-type=\"section\">\n\t\t\t\t\t\t<div class=\"elementor-container elementor-column-gap-default\">\n\t\t\t\t\t<div class=\"elementor-column elementor-col-100 elementor-top-column elementor-element elementor-element-70344cb\" data-id=\"70344cb\" data-element_type=\"column\" data-e-type=\"column\">\n\t\t\t<div class=\"elementor-widget-wrap elementor-element-populated\">\n\t\t\t\t\t\t\t<\/div>\n\t\t<\/div>\n\t\t\t\t\t<\/div>\n\t\t<\/section>\n\t\t\t\t<\/div>\n\t\t","protected":false},"excerpt":{"rendered":"<p>F\u0151bej\u00e1rat &#8222;A&#8221; \u00e9p\u00fcletsz\u00e1rny &#8222;B&#8221; \u00e9p\u00fcletsz\u00e1rny &#8222;C&#8221; \u00c9p\u00fcletsz\u00e1rny<\/p>\n","protected":false},"author":1,"featured_media":0,"parent":0,"menu_order":0,"comment_status":"closed","ping_status":"closed","template":"","meta":{"footnotes":""},"class_list":["post-561","page","type-page","status-publish","hentry"],"aioseo_notices":[],"lang":"hu","translations":{"hu":561},"pll_sync_post":[],"_links":{"self":[{"href":"https:\/\/atryumhotel.hu\/index.php\/wp-json\/wp\/v2\/pages\/561","targetHints":{"allow":["GET"]}}],"collection":[{"href":"https:\/\/atryumhotel.hu\/index.php\/wp-json\/wp\/v2\/pages"}],"about":[{"href":"https:\/\/atryumhotel.hu\/index.php\/wp-json\/wp\/v2\/types\/page"}],"author":[{"embeddable":true,"href":"https:\/\/atryumhotel.hu\/index.php\/wp-json\/wp\/v2\/users\/1"}],"replies":[{"embeddable":true,"href":"https:\/\/atryumhotel.hu\/index.php\/wp-json\/wp\/v2\/comments?post=561"}],"version-history":[{"count":13,"href":"https:\/\/atryumhotel.hu\/index.php\/wp-json\/wp\/v2\/pages\/561\/revisions"}],"predecessor-version":[{"id":2918,"href":"https:\/\/atryumhotel.hu\/index.php\/wp-json\/wp\/v2\/pages\/561\/revisions\/2918"}],"wp:attachment":[{"href":"https:\/\/atryumhotel.hu\/index.php\/wp-json\/wp\/v2\/media?parent=561"}],"curies":[{"name":"wp","href":"https:\/\/api.w.org\/{rel}","templated":true}]}}