{"id":395,"date":"2024-10-09T10:49:59","date_gmt":"2024-10-09T08:49:59","guid":{"rendered":"https:\/\/atryumhotel.hu\/?page_id=395"},"modified":"2026-03-16T20:08:41","modified_gmt":"2026-03-16T19:08:41","slug":"programs","status":"publish","type":"page","link":"https:\/\/atryumhotel.hu\/index.php\/en\/programs\/","title":{"rendered":"Places of interest"},"content":{"rendered":"\t\t<div data-elementor-type=\"wp-page\" data-elementor-id=\"395\" class=\"elementor elementor-395\" data-elementor-post-type=\"page\">\n\t\t\t\t\t\t<section class=\"elementor-section elementor-top-section elementor-element elementor-element-3434f2a elementor-section-boxed elementor-section-height-default elementor-section-height-default\" data-id=\"3434f2a\" data-element_type=\"section\" data-e-type=\"section\">\n\t\t\t\t\t\t<div class=\"elementor-container elementor-column-gap-default\">\n\t\t\t\t\t<div class=\"elementor-column elementor-col-100 elementor-top-column elementor-element elementor-element-bbcfd4a\" data-id=\"bbcfd4a\" data-element_type=\"column\" data-e-type=\"column\">\n\t\t\t<div class=\"elementor-widget-wrap elementor-element-populated\">\n\t\t\t\t\t\t\t<\/div>\n\t\t<\/div>\n\t\t\t\t\t<\/div>\n\t\t<\/section>\n\t\t\t\t<section class=\"elementor-section elementor-top-section elementor-element elementor-element-65151c5 elementor-section-boxed elementor-section-height-default elementor-section-height-default\" data-id=\"65151c5\" data-element_type=\"section\" data-e-type=\"section\">\n\t\t\t\t\t\t<div class=\"elementor-container elementor-column-gap-default\">\n\t\t\t\t\t<div class=\"elementor-column elementor-col-100 elementor-top-column elementor-element elementor-element-e06266a\" data-id=\"e06266a\" data-element_type=\"column\" data-e-type=\"column\">\n\t\t\t<div class=\"elementor-widget-wrap elementor-element-populated\">\n\t\t\t\t\t\t<div class=\"elementor-element elementor-element-2c769c6 elementor-widget elementor-widget-text-editor\" data-id=\"2c769c6\" data-element_type=\"widget\" data-e-type=\"widget\" data-widget_type=\"text-editor.default\">\n\t\t\t\t<div class=\"elementor-widget-container\">\n\t\t\t\t\t\t\t\t\t<p><strong>ATTRACTIONS<\/strong><\/p><p><strong><img decoding=\"async\" class=\"emoji\" role=\"img\" draggable=\"false\" src=\"https:\/\/s.w.org\/images\/core\/emoji\/17.0.2\/svg\/1f48e.svg\" alt=\"\ud83d\udc8e\" \/><\/strong><strong> The Treasures of Szolnok \u2013 Tips for Guests of Atryum Hotel<\/strong><\/p><p>Welcome to our <strong>more than 950-year-old city<\/strong>, often called the <em>\u201cCapital of the Tisza\u201d<\/em>! Szolnok is a vibrant center located in the heart of the Great Hungarian Plain at the confluence of the Tisza River and the Zagyva River, where history, sports, and water experiences meet. Starting from our hotel, all of these treasures are easily accessible.<\/p><p><strong><img decoding=\"async\" class=\"emoji\" role=\"img\" draggable=\"false\" src=\"https:\/\/s.w.org\/images\/core\/emoji\/17.0.2\/svg\/1f3db.svg\" alt=\"\ud83c\udfdb\" \/><\/strong><strong>\ufe0f City Center \u2013 Culture and History (Within Walking Distance)<\/strong><\/p><p><img decoding=\"async\" class=\"emoji\" role=\"img\" draggable=\"false\" src=\"https:\/\/s.w.org\/images\/core\/emoji\/17.0.2\/svg\/1f3ad.svg\" alt=\"\ud83c\udfad\" \/> <strong>Szigligeti Theatre<\/strong><br \/>The cultural jewel of the city. Stunning architecture and world-class performances await lovers of the arts.<\/p><p><img decoding=\"async\" class=\"emoji\" role=\"img\" draggable=\"false\" src=\"https:\/\/s.w.org\/images\/core\/emoji\/17.0.2\/svg\/1f5bc.svg\" alt=\"\ud83d\uddbc\ufe0f\" \/> <strong>Szolnok Gallery<\/strong> <em>(former synagogue)<\/em><br \/>One of the most impressive exhibition venues in the country. Once a center of religious life, today it hosts monumental exhibitions and concerts.<\/p><p><img decoding=\"async\" class=\"emoji\" role=\"img\" draggable=\"false\" src=\"https:\/\/s.w.org\/images\/core\/emoji\/17.0.2\/svg\/1f3ac.svg\" alt=\"\ud83c\udfac\" \/> <strong>TISZApART Cinema<\/strong><br \/>More than just a cinema! It is the home of the Alexandre Trauner ART\/Film Festival, where masterclasses and art films await movie lovers.<\/p><p><img decoding=\"async\" class=\"emoji\" role=\"img\" draggable=\"false\" src=\"https:\/\/s.w.org\/images\/core\/emoji\/17.0.2\/svg\/2708.svg\" alt=\"\u2708\ufe0f\" \/> <strong>RepT\u00e1r Szolnok Aviation Museum<\/strong><br \/>A unique interactive aviation history park in Central and Eastern Europe. An unforgettable adventure for all ages!<\/p><p><img decoding=\"async\" class=\"emoji\" role=\"img\" draggable=\"false\" src=\"https:\/\/s.w.org\/images\/core\/emoji\/17.0.2\/svg\/1f3f0.svg\" alt=\"\ud83c\udff0\" \/> <strong>V\u00e1rkapu Visitor Center<\/strong><br \/>Travel through time from the Bronze Age to the era of Francis II R\u00e1k\u00f3czi. From the terrace you can enjoy a panoramic view, and with the help of chronoscopes you can jump <strong>500 years back in time<\/strong>.<\/p><p><img decoding=\"async\" class=\"emoji\" role=\"img\" draggable=\"false\" src=\"https:\/\/s.w.org\/images\/core\/emoji\/17.0.2\/svg\/1f52d.svg\" alt=\"\ud83d\udd2d\" \/> <strong>TIT Ur\u00e1nia Observatory<\/strong><br \/>Experience the wonders of the stars and discover the secrets of the universe with expert guidance.<\/p><p><strong><img decoding=\"async\" class=\"emoji\" role=\"img\" draggable=\"false\" src=\"https:\/\/s.w.org\/images\/core\/emoji\/17.0.2\/svg\/1f333.svg\" alt=\"\ud83c\udf33\" \/><\/strong><strong> Tiszaliget \u2013 Recreation and Sports (Right Next to the Hotel)<\/strong><\/p><p><img decoding=\"async\" class=\"emoji\" role=\"img\" draggable=\"false\" src=\"https:\/\/s.w.org\/images\/core\/emoji\/17.0.2\/svg\/1f4a6.svg\" alt=\"\ud83d\udca6\" \/> <strong>Tiszaliget Thermal Bath and Experience Spa<\/strong><br \/>Only <strong>50 meters from the hotel!<\/strong> The complex, reopened in <strong>June 2025<\/strong>, welcomes visitors with modern pools and wellness services for relaxation.<\/p><p><img decoding=\"async\" class=\"emoji\" role=\"img\" draggable=\"false\" src=\"https:\/\/s.w.org\/images\/core\/emoji\/17.0.2\/svg\/1f3c0.svg\" alt=\"\ud83c\udfc0\" \/> <strong>Szolnok City Sports Hall<\/strong><br \/>Home of the eleven-time cup-winning team Szolnoki Olajb\u00e1ny\u00e1sz. Experience the real <strong>Szolnok basketball fever!<\/strong><\/p><p><img decoding=\"async\" class=\"emoji\" role=\"img\" draggable=\"false\" src=\"https:\/\/s.w.org\/images\/core\/emoji\/17.0.2\/svg\/1f93d.svg\" alt=\"\ud83e\udd3d\" \/> <strong>Szolnok Water Polo Arena<\/strong><br \/>A venue for the Hungarian and international water polo elite \u2013 guaranteed excitement by the poolside.<\/p><p><img decoding=\"async\" class=\"emoji\" role=\"img\" draggable=\"false\" src=\"https:\/\/s.w.org\/images\/core\/emoji\/17.0.2\/svg\/1f3c3.svg\" alt=\"\ud83c\udfc3\" \/> <strong>Active Recreation<\/strong><br \/>Under the shady trees of the park you will find <strong>professional running tracks, an exciting adventure park, and modern street workout areas<\/strong>, offering sporting opportunities for the entire family.<\/p>\t\t\t\t\t\t\t\t<\/div>\n\t\t\t\t<\/div>\n\t\t\t\t\t<\/div>\n\t\t<\/div>\n\t\t\t\t\t<\/div>\n\t\t<\/section>\n\t\t\t\t<section class=\"elementor-section elementor-top-section elementor-element elementor-element-e9f8a87 elementor-section-boxed elementor-section-height-default elementor-section-height-default\" data-id=\"e9f8a87\" data-element_type=\"section\" data-e-type=\"section\">\n\t\t\t\t\t\t<div class=\"elementor-container elementor-column-gap-default\">\n\t\t\t\t\t<div class=\"elementor-column elementor-col-100 elementor-top-column elementor-element elementor-element-9acb4fb\" data-id=\"9acb4fb\" data-element_type=\"column\" data-e-type=\"column\">\n\t\t\t<div class=\"elementor-widget-wrap elementor-element-populated\">\n\t\t\t\t\t\t<div class=\"elementor-element elementor-element-f5bf5ab elementor-widget elementor-widget-image-gallery\" data-id=\"f5bf5ab\" data-element_type=\"widget\" data-e-type=\"widget\" data-widget_type=\"image-gallery.default\">\n\t\t\t\t<div class=\"elementor-widget-container\">\n\t\t\t\t\t\t\t<div class=\"elementor-image-gallery\">\n\t\t\t<div id='gallery-30' class='gallery galleryid-395 gallery-columns-4 gallery-size-medium'><figure class='gallery-item'>\n\t\t\t<div class='gallery-icon landscape'>\n\t\t\t\t<a data-elementor-open-lightbox=\"yes\" data-elementor-lightbox-slideshow=\"f5bf5ab\" data-elementor-lightbox-title=\"Tiszavir\u00e1g-h\u00edd\" data-e-action-hash=\"#elementor-action%3Aaction%3Dlightbox%26settings%3DeyJpZCI6MjgxMCwidXJsIjoiaHR0cHM6XC9cL2F0cnl1bWhvdGVsLmh1XC93cC1jb250ZW50XC91cGxvYWRzXC8yMDI2XC8wMlwvVGlzemF2aXJhZy1oaWQtMS5qcGciLCJzbGlkZXNob3ciOiJmNWJmNWFiIn0%3D\" href='https:\/\/atryumhotel.hu\/wp-content\/uploads\/2026\/02\/Tiszavirag-hid-1.jpg'><img fetchpriority=\"high\" decoding=\"async\" width=\"275\" height=\"183\" src=\"https:\/\/atryumhotel.hu\/wp-content\/uploads\/2026\/02\/Tiszavirag-hid-1.jpg\" class=\"attachment-medium size-medium\" alt=\"\" aria-describedby=\"gallery-30-2810\" \/><\/a>\n\t\t\t<\/div>\n\t\t\t\t<figcaption class='wp-caption-text gallery-caption' id='gallery-30-2810'>\n\t\t\t\tTiszavir\u00e1g-h\u00edd\n\t\t\t\t<\/figcaption><\/figure><figure class='gallery-item'>\n\t\t\t<div class='gallery-icon landscape'>\n\t\t\t\t<a data-elementor-open-lightbox=\"yes\" data-elementor-lightbox-slideshow=\"f5bf5ab\" data-elementor-lightbox-title=\"Szigligeti 2\" data-e-action-hash=\"#elementor-action%3Aaction%3Dlightbox%26settings%3DeyJpZCI6MjgwMywidXJsIjoiaHR0cHM6XC9cL2F0cnl1bWhvdGVsLmh1XC93cC1jb250ZW50XC91cGxvYWRzXC8yMDI2XC8wMlwvU3ppZ2xpZ2V0aS0yLmpwZyIsInNsaWRlc2hvdyI6ImY1YmY1YWIifQ%3D%3D\" href='https:\/\/atryumhotel.hu\/wp-content\/uploads\/2026\/02\/Szigligeti-2.jpg'><img decoding=\"async\" width=\"300\" height=\"169\" src=\"https:\/\/atryumhotel.hu\/wp-content\/uploads\/2026\/02\/Szigligeti-2-300x169.jpg\" class=\"attachment-medium size-medium\" alt=\"\" aria-describedby=\"gallery-30-2803\" srcset=\"https:\/\/atryumhotel.hu\/wp-content\/uploads\/2026\/02\/Szigligeti-2-300x169.jpg 300w, https:\/\/atryumhotel.hu\/wp-content\/uploads\/2026\/02\/Szigligeti-2.jpg 560w\" sizes=\"(max-width: 300px) 100vw, 300px\" \/><\/a>\n\t\t\t<\/div>\n\t\t\t\t<figcaption class='wp-caption-text gallery-caption' id='gallery-30-2803'>\n\t\t\t\tSzigligeti Sz\u00ednh\u00e1z\n\t\t\t\t<\/figcaption><\/figure><figure class='gallery-item'>\n\t\t\t<div class='gallery-icon landscape'>\n\t\t\t\t<a data-elementor-open-lightbox=\"yes\" data-elementor-lightbox-slideshow=\"f5bf5ab\" data-elementor-lightbox-title=\"Baumhorn Lip\u00f3t | Zsinag\u00f3ga - Szolnoki Gal\u00e9ria, Szolnok | Kitervezte.hu\" data-e-action-hash=\"#elementor-action%3Aaction%3Dlightbox%26settings%3DeyJpZCI6MjgwNSwidXJsIjoiaHR0cHM6XC9cL2F0cnl1bWhvdGVsLmh1XC93cC1jb250ZW50XC91cGxvYWRzXC8yMDI2XC8wMlwvWnNpbmFnb2dhLmpwZyIsInNsaWRlc2hvdyI6ImY1YmY1YWIifQ%3D%3D\" href='https:\/\/atryumhotel.hu\/wp-content\/uploads\/2026\/02\/Zsinagoga.jpg'><img decoding=\"async\" width=\"300\" height=\"225\" src=\"https:\/\/atryumhotel.hu\/wp-content\/uploads\/2026\/02\/Zsinagoga-300x225.jpg\" class=\"attachment-medium size-medium\" alt=\"\" aria-describedby=\"gallery-30-2805\" srcset=\"https:\/\/atryumhotel.hu\/wp-content\/uploads\/2026\/02\/Zsinagoga-300x225.jpg 300w, https:\/\/atryumhotel.hu\/wp-content\/uploads\/2026\/02\/Zsinagoga-768x576.jpg 768w, https:\/\/atryumhotel.hu\/wp-content\/uploads\/2026\/02\/Zsinagoga.jpg 1024w\" sizes=\"(max-width: 300px) 100vw, 300px\" \/><\/a>\n\t\t\t<\/div>\n\t\t\t\t<figcaption class='wp-caption-text gallery-caption' id='gallery-30-2805'>\n\t\t\t\tZsinag\u00f3ga \n\t\t\t\t<\/figcaption><\/figure><figure class='gallery-item'>\n\t\t\t<div class='gallery-icon landscape'>\n\t\t\t\t<a data-elementor-open-lightbox=\"yes\" data-elementor-lightbox-slideshow=\"f5bf5ab\" data-elementor-lightbox-title=\"TISZApART mozi\" data-e-action-hash=\"#elementor-action%3Aaction%3Dlightbox%26settings%3DeyJpZCI6MjgwNiwidXJsIjoiaHR0cHM6XC9cL2F0cnl1bWhvdGVsLmh1XC93cC1jb250ZW50XC91cGxvYWRzXC8yMDI2XC8wMlwvVElTWkFwQVJULW1vemkuanBnIiwic2xpZGVzaG93IjoiZjViZjVhYiJ9\" href='https:\/\/atryumhotel.hu\/wp-content\/uploads\/2026\/02\/TISZApART-mozi.jpg'><img loading=\"lazy\" decoding=\"async\" width=\"275\" height=\"183\" src=\"https:\/\/atryumhotel.hu\/wp-content\/uploads\/2026\/02\/TISZApART-mozi.jpg\" class=\"attachment-medium size-medium\" alt=\"\" aria-describedby=\"gallery-30-2806\" \/><\/a>\n\t\t\t<\/div>\n\t\t\t\t<figcaption class='wp-caption-text gallery-caption' id='gallery-30-2806'>\n\t\t\t\tTISZApART mozi\n\t\t\t\t<\/figcaption><\/figure><figure class='gallery-item'>\n\t\t\t<div class='gallery-icon landscape'>\n\t\t\t\t<a data-elementor-open-lightbox=\"yes\" data-elementor-lightbox-slideshow=\"f5bf5ab\" data-elementor-lightbox-title=\"K\u00e9p1\" data-e-action-hash=\"#elementor-action%3Aaction%3Dlightbox%26settings%3DeyJpZCI6MjgwOCwidXJsIjoiaHR0cHM6XC9cL2F0cnl1bWhvdGVsLmh1XC93cC1jb250ZW50XC91cGxvYWRzXC8yMDI2XC8wMlwvS2VwMS5qcGciLCJzbGlkZXNob3ciOiJmNWJmNWFiIn0%3D\" href='https:\/\/atryumhotel.hu\/wp-content\/uploads\/2026\/02\/Kep1.jpg'><img loading=\"lazy\" decoding=\"async\" width=\"300\" height=\"192\" src=\"https:\/\/atryumhotel.hu\/wp-content\/uploads\/2026\/02\/Kep1-300x192.jpg\" class=\"attachment-medium size-medium\" alt=\"\" aria-describedby=\"gallery-30-2808\" srcset=\"https:\/\/atryumhotel.hu\/wp-content\/uploads\/2026\/02\/Kep1-300x192.jpg 300w, https:\/\/atryumhotel.hu\/wp-content\/uploads\/2026\/02\/Kep1-768x492.jpg 768w, https:\/\/atryumhotel.hu\/wp-content\/uploads\/2026\/02\/Kep1.jpg 901w\" sizes=\"(max-width: 300px) 100vw, 300px\" \/><\/a>\n\t\t\t<\/div>\n\t\t\t\t<figcaption class='wp-caption-text gallery-caption' id='gallery-30-2808'>\n\t\t\t\tRept\u00e1r\n\t\t\t\t<\/figcaption><\/figure><figure class='gallery-item'>\n\t\t\t<div class='gallery-icon landscape'>\n\t\t\t\t<a data-elementor-open-lightbox=\"yes\" data-elementor-lightbox-slideshow=\"f5bf5ab\" data-elementor-lightbox-title=\"Rept\u00e1r\" data-e-action-hash=\"#elementor-action%3Aaction%3Dlightbox%26settings%3DeyJpZCI6NjI2LCJ1cmwiOiJodHRwczpcL1wvYXRyeXVtaG90ZWwuaHVcL3dwLWNvbnRlbnRcL3VwbG9hZHNcLzIwMjRcLzExXC9SZXB0YXIuanBnIiwic2xpZGVzaG93IjoiZjViZjVhYiJ9\" href='https:\/\/atryumhotel.hu\/wp-content\/uploads\/2024\/11\/Reptar.jpg'><img loading=\"lazy\" decoding=\"async\" width=\"300\" height=\"200\" src=\"https:\/\/atryumhotel.hu\/wp-content\/uploads\/2024\/11\/Reptar-300x200.jpg\" class=\"attachment-medium size-medium\" alt=\"\" aria-describedby=\"gallery-30-626\" srcset=\"https:\/\/atryumhotel.hu\/wp-content\/uploads\/2024\/11\/Reptar-300x200.jpg 300w, https:\/\/atryumhotel.hu\/wp-content\/uploads\/2024\/11\/Reptar.jpg 512w\" sizes=\"(max-width: 300px) 100vw, 300px\" \/><\/a>\n\t\t\t<\/div>\n\t\t\t\t<figcaption class='wp-caption-text gallery-caption' id='gallery-30-626'>\n\t\t\t\tRept\u00e1r\n\t\t\t\t<\/figcaption><\/figure><figure class='gallery-item'>\n\t\t\t<div class='gallery-icon landscape'>\n\t\t\t\t<a data-elementor-open-lightbox=\"yes\" data-elementor-lightbox-slideshow=\"f5bf5ab\" data-elementor-lightbox-title=\"DCIM100MEDIADJI_0478.JPG\" data-e-action-hash=\"#elementor-action%3Aaction%3Dlightbox%26settings%3DeyJpZCI6MjgxMSwidXJsIjoiaHR0cHM6XC9cL2F0cnl1bWhvdGVsLmh1XC93cC1jb250ZW50XC91cGxvYWRzXC8yMDI2XC8wMlwvVmFya2FwdS1zY2FsZWQuanBnIiwic2xpZGVzaG93IjoiZjViZjVhYiJ9\" href='https:\/\/atryumhotel.hu\/wp-content\/uploads\/2026\/02\/Varkapu-scaled.jpg'><img loading=\"lazy\" decoding=\"async\" width=\"300\" height=\"169\" src=\"https:\/\/atryumhotel.hu\/wp-content\/uploads\/2026\/02\/Varkapu-300x169.jpg\" class=\"attachment-medium size-medium\" alt=\"\" aria-describedby=\"gallery-30-2811\" srcset=\"https:\/\/atryumhotel.hu\/wp-content\/uploads\/2026\/02\/Varkapu-300x169.jpg 300w, https:\/\/atryumhotel.hu\/wp-content\/uploads\/2026\/02\/Varkapu-1024x576.jpg 1024w, https:\/\/atryumhotel.hu\/wp-content\/uploads\/2026\/02\/Varkapu-768x432.jpg 768w, https:\/\/atryumhotel.hu\/wp-content\/uploads\/2026\/02\/Varkapu-1536x864.jpg 1536w, https:\/\/atryumhotel.hu\/wp-content\/uploads\/2026\/02\/Varkapu-2048x1152.jpg 2048w\" sizes=\"(max-width: 300px) 100vw, 300px\" \/><\/a>\n\t\t\t<\/div>\n\t\t\t\t<figcaption class='wp-caption-text gallery-caption' id='gallery-30-2811'>\n\t\t\t\tSzolnoki V\u00e1r\n\t\t\t\t<\/figcaption><\/figure><figure class='gallery-item'>\n\t\t\t<div class='gallery-icon landscape'>\n\t\t\t\t<a data-elementor-open-lightbox=\"yes\" data-elementor-lightbox-slideshow=\"f5bf5ab\" data-elementor-lightbox-title=\"V\u00e1rkapu\" data-e-action-hash=\"#elementor-action%3Aaction%3Dlightbox%26settings%3DeyJpZCI6NjI3LCJ1cmwiOiJodHRwczpcL1wvYXRyeXVtaG90ZWwuaHVcL3dwLWNvbnRlbnRcL3VwbG9hZHNcLzIwMjRcLzExXC9WYXJrYXB1LmpwZyIsInNsaWRlc2hvdyI6ImY1YmY1YWIifQ%3D%3D\" href='https:\/\/atryumhotel.hu\/wp-content\/uploads\/2024\/11\/Varkapu.jpg'><img loading=\"lazy\" decoding=\"async\" width=\"300\" height=\"169\" src=\"https:\/\/atryumhotel.hu\/wp-content\/uploads\/2024\/11\/Varkapu-300x169.jpg\" class=\"attachment-medium size-medium\" alt=\"\" aria-describedby=\"gallery-30-627\" srcset=\"https:\/\/atryumhotel.hu\/wp-content\/uploads\/2024\/11\/Varkapu-300x169.jpg 300w, https:\/\/atryumhotel.hu\/wp-content\/uploads\/2024\/11\/Varkapu-1024x576.jpg 1024w, https:\/\/atryumhotel.hu\/wp-content\/uploads\/2024\/11\/Varkapu-768x432.jpg 768w, https:\/\/atryumhotel.hu\/wp-content\/uploads\/2024\/11\/Varkapu.jpg 1400w\" sizes=\"(max-width: 300px) 100vw, 300px\" \/><\/a>\n\t\t\t<\/div>\n\t\t\t\t<figcaption class='wp-caption-text gallery-caption' id='gallery-30-627'>\n\t\t\t\tSzolnoki V\u00e1r\n\t\t\t\t<\/figcaption><\/figure><figure class='gallery-item'>\n\t\t\t<div class='gallery-icon landscape'>\n\t\t\t\t<a data-elementor-open-lightbox=\"yes\" data-elementor-lightbox-slideshow=\"f5bf5ab\" data-elementor-lightbox-title=\"Csillagvizsgl\u00f3\" data-e-action-hash=\"#elementor-action%3Aaction%3Dlightbox%26settings%3DeyJpZCI6NjIxLCJ1cmwiOiJodHRwczpcL1wvYXRyeXVtaG90ZWwuaHVcL3dwLWNvbnRlbnRcL3VwbG9hZHNcLzIwMjRcLzExXC9Dc2lsbGFndml6c2dsby5qcGciLCJzbGlkZXNob3ciOiJmNWJmNWFiIn0%3D\" href='https:\/\/atryumhotel.hu\/wp-content\/uploads\/2024\/11\/Csillagvizsglo.jpg'><img loading=\"lazy\" decoding=\"async\" width=\"300\" height=\"169\" src=\"https:\/\/atryumhotel.hu\/wp-content\/uploads\/2024\/11\/Csillagvizsglo-300x169.jpg\" class=\"attachment-medium size-medium\" alt=\"\" aria-describedby=\"gallery-30-621\" srcset=\"https:\/\/atryumhotel.hu\/wp-content\/uploads\/2024\/11\/Csillagvizsglo-300x169.jpg 300w, https:\/\/atryumhotel.hu\/wp-content\/uploads\/2024\/11\/Csillagvizsglo-1024x576.jpg 1024w, https:\/\/atryumhotel.hu\/wp-content\/uploads\/2024\/11\/Csillagvizsglo-768x432.jpg 768w, https:\/\/atryumhotel.hu\/wp-content\/uploads\/2024\/11\/Csillagvizsglo.jpg 1347w\" sizes=\"(max-width: 300px) 100vw, 300px\" \/><\/a>\n\t\t\t<\/div>\n\t\t\t\t<figcaption class='wp-caption-text gallery-caption' id='gallery-30-621'>\n\t\t\t\tCsillagvizsg\u00e1l\u00f3\n\t\t\t\t<\/figcaption><\/figure><figure class='gallery-item'>\n\t\t\t<div class='gallery-icon landscape'>\n\t\t\t\t<a data-elementor-open-lightbox=\"yes\" data-elementor-lightbox-slideshow=\"f5bf5ab\" data-elementor-lightbox-title=\"Tiszaligeti F\u00fcrd\u0151\" data-e-action-hash=\"#elementor-action%3Aaction%3Dlightbox%26settings%3DeyJpZCI6MjgwNywidXJsIjoiaHR0cHM6XC9cL2F0cnl1bWhvdGVsLmh1XC93cC1jb250ZW50XC91cGxvYWRzXC8yMDI2XC8wMlwvVGlzemFsaWdldGktRnVyZG8uanBlZyIsInNsaWRlc2hvdyI6ImY1YmY1YWIifQ%3D%3D\" href='https:\/\/atryumhotel.hu\/wp-content\/uploads\/2026\/02\/Tiszaligeti-Furdo.jpeg'><img loading=\"lazy\" decoding=\"async\" width=\"300\" height=\"200\" src=\"https:\/\/atryumhotel.hu\/wp-content\/uploads\/2026\/02\/Tiszaligeti-Furdo-300x200.jpeg\" class=\"attachment-medium size-medium\" alt=\"\" aria-describedby=\"gallery-30-2807\" srcset=\"https:\/\/atryumhotel.hu\/wp-content\/uploads\/2026\/02\/Tiszaligeti-Furdo-300x200.jpeg 300w, https:\/\/atryumhotel.hu\/wp-content\/uploads\/2026\/02\/Tiszaligeti-Furdo-768x512.jpeg 768w, https:\/\/atryumhotel.hu\/wp-content\/uploads\/2026\/02\/Tiszaligeti-Furdo.jpeg 800w\" sizes=\"(max-width: 300px) 100vw, 300px\" \/><\/a>\n\t\t\t<\/div>\n\t\t\t\t<figcaption class='wp-caption-text gallery-caption' id='gallery-30-2807'>\n\t\t\t\tTiszaligeti f\u00fcrd\u0151\n\t\t\t\t<\/figcaption><\/figure><figure class='gallery-item'>\n\t\t\t<div class='gallery-icon landscape'>\n\t\t\t\t<a data-elementor-open-lightbox=\"yes\" data-elementor-lightbox-slideshow=\"f5bf5ab\" data-elementor-lightbox-title=\"Kalandpark-3-kisebb\" data-e-action-hash=\"#elementor-action%3Aaction%3Dlightbox%26settings%3DeyJpZCI6NjIyLCJ1cmwiOiJodHRwczpcL1wvYXRyeXVtaG90ZWwuaHVcL3dwLWNvbnRlbnRcL3VwbG9hZHNcLzIwMjRcLzExXC9LYWxhbmRwYXJrLTMta2lzZWJiLmpwZWciLCJzbGlkZXNob3ciOiJmNWJmNWFiIn0%3D\" href='https:\/\/atryumhotel.hu\/wp-content\/uploads\/2024\/11\/Kalandpark-3-kisebb.jpeg'><img loading=\"lazy\" decoding=\"async\" width=\"300\" height=\"200\" src=\"https:\/\/atryumhotel.hu\/wp-content\/uploads\/2024\/11\/Kalandpark-3-kisebb-300x200.jpeg\" class=\"attachment-medium size-medium\" alt=\"\" aria-describedby=\"gallery-30-622\" srcset=\"https:\/\/atryumhotel.hu\/wp-content\/uploads\/2024\/11\/Kalandpark-3-kisebb-300x200.jpeg 300w, https:\/\/atryumhotel.hu\/wp-content\/uploads\/2024\/11\/Kalandpark-3-kisebb.jpeg 640w\" sizes=\"(max-width: 300px) 100vw, 300px\" \/><\/a>\n\t\t\t<\/div>\n\t\t\t\t<figcaption class='wp-caption-text gallery-caption' id='gallery-30-622'>\n\t\t\t\tKalandpark\n\t\t\t\t<\/figcaption><\/figure><figure class='gallery-item'>\n\t\t\t<div class='gallery-icon landscape'>\n\t\t\t\t<a data-elementor-open-lightbox=\"yes\" data-elementor-lightbox-slideshow=\"f5bf5ab\" data-elementor-lightbox-title=\"Tiszavir\u00e1g\" data-e-action-hash=\"#elementor-action%3Aaction%3Dlightbox%26settings%3DeyJpZCI6MjgxMywidXJsIjoiaHR0cHM6XC9cL2F0cnl1bWhvdGVsLmh1XC93cC1jb250ZW50XC91cGxvYWRzXC8yMDI2XC8wMlwvVGlzemF2aXJhZy5qcGciLCJzbGlkZXNob3ciOiJmNWJmNWFiIn0%3D\" href='https:\/\/atryumhotel.hu\/wp-content\/uploads\/2026\/02\/Tiszavirag.jpg'><img loading=\"lazy\" decoding=\"async\" width=\"300\" height=\"241\" src=\"https:\/\/atryumhotel.hu\/wp-content\/uploads\/2026\/02\/Tiszavirag-300x241.jpg\" class=\"attachment-medium size-medium\" alt=\"\" aria-describedby=\"gallery-30-2813\" srcset=\"https:\/\/atryumhotel.hu\/wp-content\/uploads\/2026\/02\/Tiszavirag-300x241.jpg 300w, https:\/\/atryumhotel.hu\/wp-content\/uploads\/2026\/02\/Tiszavirag.jpg 712w\" sizes=\"(max-width: 300px) 100vw, 300px\" \/><\/a>\n\t\t\t<\/div>\n\t\t\t\t<figcaption class='wp-caption-text gallery-caption' id='gallery-30-2813'>\n\t\t\t\tTiszavir\u00e1gz\u00e1s\n\t\t\t\t<\/figcaption><\/figure><figure class='gallery-item'>\n\t\t\t<div class='gallery-icon landscape'>\n\t\t\t\t<a data-elementor-open-lightbox=\"yes\" data-elementor-lightbox-slideshow=\"f5bf5ab\" data-elementor-lightbox-title=\"Tiszavir\u00e1g fesztiv\u00e1l\" data-e-action-hash=\"#elementor-action%3Aaction%3Dlightbox%26settings%3DeyJpZCI6MjgxNCwidXJsIjoiaHR0cHM6XC9cL2F0cnl1bWhvdGVsLmh1XC93cC1jb250ZW50XC91cGxvYWRzXC8yMDI2XC8wMlwvVGlzemF2aXJhZy1mZXN6dGl2YWwuanBnIiwic2xpZGVzaG93IjoiZjViZjVhYiJ9\" href='https:\/\/atryumhotel.hu\/wp-content\/uploads\/2026\/02\/Tiszavirag-fesztival.jpg'><img loading=\"lazy\" decoding=\"async\" width=\"300\" height=\"200\" src=\"https:\/\/atryumhotel.hu\/wp-content\/uploads\/2026\/02\/Tiszavirag-fesztival-300x200.jpg\" class=\"attachment-medium size-medium\" alt=\"\" aria-describedby=\"gallery-30-2814\" srcset=\"https:\/\/atryumhotel.hu\/wp-content\/uploads\/2026\/02\/Tiszavirag-fesztival-300x200.jpg 300w, https:\/\/atryumhotel.hu\/wp-content\/uploads\/2026\/02\/Tiszavirag-fesztival-768x511.jpg 768w, https:\/\/atryumhotel.hu\/wp-content\/uploads\/2026\/02\/Tiszavirag-fesztival.jpg 837w\" sizes=\"(max-width: 300px) 100vw, 300px\" \/><\/a>\n\t\t\t<\/div>\n\t\t\t\t<figcaption class='wp-caption-text gallery-caption' id='gallery-30-2814'>\n\t\t\t\tTiszavir\u00e1g fesztiv\u00e1l\n\t\t\t\t<\/figcaption><\/figure>\n\t\t<\/div>\n\t\t<\/div>\n\t\t\t\t\t\t<\/div>\n\t\t\t\t<\/div>\n\t\t\t\t\t<\/div>\n\t\t<\/div>\n\t\t\t\t\t<\/div>\n\t\t<\/section>\n\t\t\t\t<\/div>\n\t\t","protected":false},"excerpt":{"rendered":"<p>ATTRACTIONS The Treasures of Szolnok \u2013 Tips for Guests of Atryum Hotel Welcome to our &#8230; <\/p>\n<div class=\"text-center\"><a class=\"theme-btn\" href=\"https:\/\/atryumhotel.hu\/index.php\/en\/programs\/\">Read More<\/a><\/div>\n","protected":false},"author":2,"featured_media":0,"parent":0,"menu_order":0,"comment_status":"closed","ping_status":"closed","template":"","meta":{"footnotes":""},"class_list":["post-395","page","type-page","status-publish","hentry"],"aioseo_notices":[],"lang":"en","translations":{"en":395},"pll_sync_post":[],"_links":{"self":[{"href":"https:\/\/atryumhotel.hu\/index.php\/wp-json\/wp\/v2\/pages\/395","targetHints":{"allow":["GET"]}}],"collection":[{"href":"https:\/\/atryumhotel.hu\/index.php\/wp-json\/wp\/v2\/pages"}],"about":[{"href":"https:\/\/atryumhotel.hu\/index.php\/wp-json\/wp\/v2\/types\/page"}],"author":[{"embeddable":true,"href":"https:\/\/atryumhotel.hu\/index.php\/wp-json\/wp\/v2\/users\/2"}],"replies":[{"embeddable":true,"href":"https:\/\/atryumhotel.hu\/index.php\/wp-json\/wp\/v2\/comments?post=395"}],"version-history":[{"count":18,"href":"https:\/\/atryumhotel.hu\/index.php\/wp-json\/wp\/v2\/pages\/395\/revisions"}],"predecessor-version":[{"id":3108,"href":"https:\/\/atryumhotel.hu\/index.php\/wp-json\/wp\/v2\/pages\/395\/revisions\/3108"}],"wp:attachment":[{"href":"https:\/\/atryumhotel.hu\/index.php\/wp-json\/wp\/v2\/media?parent=395"}],"curies":[{"name":"wp","href":"https:\/\/api.w.org\/{rel}","templated":true}]}}